pose 0 = b - r - 69. Is b/3 + 6/(-18) composite?
False
Is (-2)/8 - 13*41/(-4) composite?
True
Let s(u) = 9*u**2 - 6*u - 25. Is s(12) prime?
False
Let v = 1 - -4. Suppose -v*c - 3*r = -99, -c - 6 + 37 = -5*r. Let s = 34 - c. Is s a prime number?
True
Suppose -y - 573 = 3*l + 364, l + 3*y = -307. Let h = -163 - l. Let q = -61 + h. Is q composite?
False
Suppose 61*h = 56*h + 7295. Is h prime?
True
Let f be 3/(-12) + (-2439)/(-12). Suppose 0*d = d - f. Is d prime?
False
Is (-191 - 3)*10/(-4) composite?
True
Let x be 3/4 + (-15)/(-12). Let c(u) = -2*u - 5 + u**2 + 5*u - 2*u**x - 16*u. Is c(-7) a prime number?
True
Suppose 303 = 6*f - 171. Is f prime?
True
Suppose 2*z = 4*w - 44, 4*w + 1 = -11. Let l = -3 - z. Is l composite?
True
Suppose 0 = 6*k - 44 + 2. Is k a composite number?
False
Suppose 0 = -2*k - 27 - 23. Let q = 60 + k. Is q composite?
True
Let x(p) = -2*p + 1. Suppose 0*z + 3*z = -30. Is x(z) a composite number?
True
Suppose -j + 3*i + 0*i = -23, -i + 35 = j. Suppose -g = -5 - j. Is g composite?
False
Suppose -9045 + 40055 = 10*l. Is l a prime number?
False
Let a(h) be the third derivative of h**5/20 + 19*h**4/24 - h**3/2 - h**2. Is a(-14) composite?
True
Let p(l) = 2*l**2 + 41*l + 44. Is p(27) composite?
False
Let z(n) be the first derivative of 1 + 6*n**2 + 2*n - 1/3*n**3. Is z(10) prime?
False
Let h = -2 - -6. Suppose 0*i = -h*i + 16. Suppose 4*w - i = 32. Is w prime?
False
Let h be (-1 - -2)/(1/4). Let k be (-1)/2 + 6/h. Is (-4)/8*k*-46 a composite number?
False
Let m = -1794 - -2561. Is m prime?
False
Suppose 27 = 4*o + 7. Let c(q) = o*q**2 - 4*q**2 - q + 3*q. Is c(5) prime?
False
Suppose 3 + 1 = 2*w - r, -4*w + 4*r = -8. Suppose -w*s - 258 - 88 = -4*y, 0 = 5*y - 5*s - 430. Is y composite?
True
Suppose r + 2 = 0, r + 1192 = t - 2169. Is t a composite number?
False
Suppose -55 + 15 = -5*d. Suppose 3*p = d*p + 385. Is -2 + -1*(-2 + p) composite?
True
Let z(i) = -i**2 - 5*i - 7. Let p be z(-5). Let o = 35 + p. Suppose 4*v + 0*v - o = 0. Is v a prime number?
True
Let s be 694/8 + 2/8. Let u = -235 + s. Let h = -63 - u. Is h a composite number?
True
Let b = 0 - -36. Let t = 53 - 49. Suppose t*m = 52 + b. Is m a prime number?
False
Is (-30 - -32)/(4/1226 + 0) a prime number?
True
Let v(n) = -7*n - 10. Let c be (-36)/(-15) - (-4)/(-10). Suppose q + 11 = c. Is v(q) composite?
False
Let x be 83 + -2 + (1 - -2). Let a = x - 49. Is a prime?
False
Is (4/1 - 4) + 907 prime?
True
Let s = 2658 + -1751. Is s a composite number?
False
Suppose -2*u + 4*i = -2340 - 2058, 5*u = -3*i + 10969. Is u a composite number?
True
Let c be (2285/20)/((-2)/8). Let y = c - -668. Is y composite?
False
Suppose 6*a - 2*a + 4*s + 1076 = 0, 2 = s. Let n = a - -390. Is n composite?
True
Let k be (18 - 17)/(2/540). Suppose -k = -4*r - 50. Is r a composite number?
True
Let b(r) = -4280*r**3 - 2*r**2 - r. Is b(-1) a composite number?
True
Let j(p) = 3*p**3 + p**2 + 3*p - 3. Let u be j(2). Suppose r - 7 = u. Is r a composite number?
True
Suppose -v + 6*v - 530 = 0. Suppose 2*p = -0*p + v. Is p prime?
True
Suppose 0 = -4*h + 3*i + 25, -h - 5*i - 3 = 2*h. Let r(z) = 6*z**2 - 3*z + 5. Is r(h) prime?
True
Let y be (-12)/8 + 26/4. Suppose p = -l + 160, -6*l = -2*l + y*p - 639. Is l composite?
True
Suppose m - 5*h - 30 = 0, m + 25 = 2*m - 4*h. Suppose -j + 4*j - 155 = 4*b, -3*j = -m*b - 151. Suppose -4*p - 5*d + 99 = -0*d, 5*d = -2*p + j. Is p prime?
False
Let t(f) = 3 - 1 + 11*f**2 - 5*f + 7*f**2. Let j = 4 - 1. Is t(j) a prime number?
True
Let m = 43 + -38. Suppose 0 = 2*h + 5*v - 12, 3*h - 7*h + 24 = -v. Suppose -5*n = h*g - g - 810, 0 = -m*g + 25. Is n composite?
False
Is 8/28 + (-6030)/(-14) a composite number?
False
Let u(w) = w**3 - 8*w**2 + 5*w - 7. Let v be u(5). Let c be (-4)/(-14) - v/21. Suppose 22 + 17 = c*l. Is l prime?
True
Suppose 0 = a - 247 + 62. Is a prime?
False
Suppose 4*j - 7*j - 21 = 0. Let l = j + 13. Is l prime?
False
Suppose -6*f + 59 = -5*f. Is f a composite number?
False
Suppose s + l + 838 = 6*s, -5*s - 2*l + 829 = 0. Is s a composite number?
False
Is 971 + -1 + (19 - 15) prime?
False
Let b(g) = g**2 + g + 2. Let q = 6 - 8. Let w be b(q). Is w/(-22) - (-1214)/22 composite?
True
Suppose 3 - 1 = -f. Is (248/(-10))/(f/5) composite?
True
Let n(h) be the second derivative of h**7/210 + h**6/720 - h**4/12 + 2*h. Let u(k) be the third derivative of n(k). Is u(-1) a composite number?
False
Suppose -g + 16 = 2. Let n be (-8)/g*(-21)/6. Let f = 15 - n. Is f prime?
True
Suppose -2*g = 4*y - 2170, -3*g + 2*y + 3*y = -3266. Is g a composite number?
False
Let m = 4 - 4. Suppose m = -3*n - n + 260. Suppose 3*u - n = -4*p, u - 2*p = p. Is u a prime number?
False
Let j = -11 + 25. Is j a prime number?
False
Let c = 7 - 2. Suppose 20 = -5*n, -34 = c*h - 4*n - 85. Let g(z) = 2*z**2 - 10*z + 9. Is g(h) a composite number?
False
Let w be (-6)/(-3) - (9 + -1). Let c be w*(4/3)/(-2). Suppose 50 = y + c*y. Is y a prime number?
False
Suppose -o + 4*o - 440 = -5*j, 4*j + o - 345 = 0. Suppose 0*h = h - j. Is h a composite number?
True
Let f be ((-3)/2)/(54/(-72)). Suppose 0 = 3*h + 6*c - 4*c - 273, f*c - 364 = -4*h. Is h prime?
False
Let v(p) = 7*p**3 + p**2 + 3*p + 10. Let a(l) = -l**3 - l**2 - 1. Let r(z) = 6*a(z) + v(z). Let m be r(3). Is 515/25 - 2/m a prime number?
False
Is 3*(-2 + (-6925)/(-15)) a prime number?
False
Let p = -1201 + 2928. Is p prime?
False
Let p(u) = 14*u - 1. Let j be p(-9). Let a = -158 + -34. Let o = j - a. Is o a composite number?
True
Suppose -17*q = -18*q - 4. Let m(i) = 0*i + 5 + 0*i + 2*i**2. Is m(q) prime?
True
Let c be ((-8)/(-4))/((-4)/(-6)). Suppose -4*h + 1190 = -5*u, u - 883 = -c*h - 0*u. Is h prime?
False
Suppose 0 = o - 59 - 68. Is o composite?
False
Suppose -u = 3*f - 511, -5*f = u + 4*u - 2575. Is u a composite number?
True
Let y(o) = 15*o - 2. Let z(c) = -c - 3*c + 1 + 3*c. Let g(j) = y(j) - 3*z(j). Is g(7) prime?
False
Is ((-2)/11 - (-18)/(-22)) + 418 a prime number?
False
Suppose -4*s - s = 0. Suppose 4*d = 2*g - 478, s = g - 3*d - 94 - 147. Is g a composite number?
True
Let d = 593 + -126. Is d composite?
False
Is -1 - 78*2*-4 a composite number?
True
Let m = 57 + -19. Is m composite?
True
Let y(c) be the first derivative of c**4/6 - c**3/6 + 3*c**2/2 + 4*c + 3. Let r(i) be the first derivative of y(i). Is r(4) a prime number?
True
Let j be 0/(4*(-2)/(-8)). Suppose 3*x + x - 44 = j. Is x a composite number?
False
Is (-6)/3*(-1)/((-4)/(-1642)) composite?
False
Suppose 2*c - 3 = 3*c. Let f(j) = -17*j + 2. Is f(c) prime?
True
Let x = 14 + -14. Suppose a = -m - x*m + 39, -4*m - 3*a = -152. Is m composite?
True
Is 6/(-4) - (4 - (-156606)/(-12)) prime?
False
Suppose 4*o - 9*o - r = -1013, -3*o = r - 607. Is o a prime number?
False
Let i = 76 - -148. Suppose -i - 24 = -4*o. Is o composite?
True
Suppose 5*u + 196 = 4031. Is u prime?
False
Let y be ((-2)/1)/(3 - 2). Is ((-62)/y)/((-1)/(-2)) a prime number?
False
Let g(z) = 6*z - 8. Let q be g(9). Let o = 85 - q. Is o composite?
True
Let x(f) = f - 1. Let v be x(5). Let o = v - -5. Let c = o + 12. Is c a prime number?
False
Let z(q) = 3*q - 6. Let o(g) = 1. Let p(c) = -3*o(c) + z(c). Is p(6) a composite number?
True
Suppose w = -3*l - 3*w + 2115, 0 = -l + 3*w + 718. Is l a prime number?
True
Is -1 + 0 + -32 + 142 a prime number?
True
Suppose -3*h + 4*g - 15 - 13 = 0, h + 24 = 5*g. Is (-225)/(-12) - 1/h prime?
True
Is (6/15 + 4085/(-25))/(-1) prime?
True
Suppose -3 = -m - 1. Let l(p) = 2 + 3*p - 3*p + m*p. Is l(4) a prime number?
False
Let n(d) = -54*d**3 - 2*d**2 - 2. Is n(-2) a prime number?
False
Suppose -4*v = 3*a - 25229, 2*v = -4*a + 8294 + 25338. Is a prime?
False
Let o(r) = 29*r**2 - r + 3. Is o(-3) composite?
True
Let a(b) = b**3 + 18*b**2 + 7*b - 7. Let s be a(-8). Let o = s - 314. Is o a composite number?
False
Is (1 - (2 - 14))*53 composite?
True
Is 435 - ((-2 - 6) + 4) a composite number?
False
Let a(s) = -11*s + 2. Let g be a(-7). Suppose v = -3*v + 5*f + g, 21 = v - f. Is v composite?
True
Suppose 6*h + 3*i - 7477 = h, -2*i = 2*h - 2994. Suppose k - 4*k + h = g, 2*k + g - 996 = 0. Is k a composite number?
True
Suppose 2*m + 6295 = 7*m. Is m composite?
False
Suppose 3*s = -2*r - s + 82, 4*s - 125 = -3*r. Is r a composite number?
False
Let g be (-44)/(-6) - 4/(-6). Is (-282)/(-